{"id":66,"date":"2021-02-10T12:12:39","date_gmt":"2021-02-10T11:12:39","guid":{"rendered":"https:\/\/portoghese.uniroma3.it\/catedrasaramago\/?page_id=66"},"modified":"2025-03-04T22:31:16","modified_gmt":"2025-03-04T21:31:16","slug":"linee-di-ricerca","status":"publish","type":"page","link":"https:\/\/portoghese.uniroma3.it\/catedrasaramago\/linee-di-ricerca\/","title":{"rendered":"Linee di ricerca"},"content":{"rendered":"\t\t<div data-elementor-type=\"wp-page\" data-elementor-id=\"66\" class=\"elementor elementor-66\">\n\t\t\t\t\t\t<section class=\"elementor-section elementor-top-section elementor-element elementor-element-3f4cc55 elementor-section-boxed elementor-section-height-default elementor-section-height-default\" data-id=\"3f4cc55\" data-element_type=\"section\" data-e-type=\"section\">\n\t\t\t\t\t\t<div class=\"elementor-container elementor-column-gap-default\">\n\t\t\t\t\t<div class=\"elementor-column elementor-col-100 elementor-top-column elementor-element elementor-element-3424146\" data-id=\"3424146\" data-element_type=\"column\" data-e-type=\"column\">\n\t\t\t<div class=\"elementor-widget-wrap elementor-element-populated\">\n\t\t\t\t\t\t<div class=\"elementor-element elementor-element-e893d3c elementor-widget elementor-widget-text-editor\" data-id=\"e893d3c\" data-element_type=\"widget\" data-e-type=\"widget\" data-widget_type=\"text-editor.default\">\n\t\t\t\t<div class=\"elementor-widget-container\">\n\t\t\t\t\t\t\t\t\t<p>Lo studio della letteratura portoghese e lusofona contemporanea (secoli XIX-XXI) costituisce una delle principali linee di ricerca dei membri della Cattedra Cam\u00f5es, I.P. \u201cJos\u00e9 Saramago\u201d. Particolare (ma non esclusiva) attenzione viene riservata agli autori non canonici, con l\u2019obiettivo di ricostruire attraverso lo studio di opere ormai dimenticate o trascurate dalla critica la storia delle idee e del gusto letterario nelle culture d\u2019espressione portoghese.&nbsp;<\/p><p>Il rapporto tra cultura e cinema in contesti lusofoni \u00e8, inoltre, oggetto di studio, anche in una prospettiva che indaga adattamenti, traduzioni e tecniche e modalit\u00e0 di sottotitolazione.&nbsp;<\/p><p>Infine, centrale \u00e8 lo studio della lingua portoghese in una prospettiva che privilegia le variet\u00e0 diatopica (i due standard nazionali) di tale sistema linguistico.&nbsp;<\/p><p>La didattica della lingua portoghese a stranieri \u00e8 anche oggetto di ricerca, con sperimentazione di nuove modalit\u00e0 di insegnamento, che considerano anche le caratteristiche e le peculiarit\u00e0 del portoghese come l\u00edngua de heran\u00e7a in Italia.<\/p>\t\t\t\t\t\t\t\t<\/div>\n\t\t\t\t<\/div>\n\t\t\t\t\t<\/div>\n\t\t<\/div>\n\t\t\t\t\t<\/div>\n\t\t<\/section>\n\t\t\t\t<\/div>\n\t\t","protected":false},"excerpt":{"rendered":"<p>Lo studio della letteratura portoghese e lusofona contemporanea (secoli XIX-XXI) costituisce una delle principali linee di ricerca dei membri della Cattedra Cam\u00f5es, I.P. \u201cJos\u00e9 Saramago\u201d. Particolare (ma non esclusiva) attenzione viene riservata agli autori non canonici, con l\u2019obiettivo di ricostruire attraverso lo studio di opere ormai dimenticate o trascurate dalla critica la storia delle idee&nbsp;&#8230;<\/p>\n","protected":false},"author":2,"featured_media":0,"parent":0,"menu_order":0,"comment_status":"closed","ping_status":"closed","template":"","meta":{"footnotes":""},"class_list":["post-66","page","type-page","status-publish","hentry"],"_links":{"self":[{"href":"https:\/\/portoghese.uniroma3.it\/catedrasaramago\/wp-json\/wp\/v2\/pages\/66","targetHints":{"allow":["GET"]}}],"collection":[{"href":"https:\/\/portoghese.uniroma3.it\/catedrasaramago\/wp-json\/wp\/v2\/pages"}],"about":[{"href":"https:\/\/portoghese.uniroma3.it\/catedrasaramago\/wp-json\/wp\/v2\/types\/page"}],"author":[{"embeddable":true,"href":"https:\/\/portoghese.uniroma3.it\/catedrasaramago\/wp-json\/wp\/v2\/users\/2"}],"replies":[{"embeddable":true,"href":"https:\/\/portoghese.uniroma3.it\/catedrasaramago\/wp-json\/wp\/v2\/comments?post=66"}],"version-history":[{"count":5,"href":"https:\/\/portoghese.uniroma3.it\/catedrasaramago\/wp-json\/wp\/v2\/pages\/66\/revisions"}],"predecessor-version":[{"id":614,"href":"https:\/\/portoghese.uniroma3.it\/catedrasaramago\/wp-json\/wp\/v2\/pages\/66\/revisions\/614"}],"wp:attachment":[{"href":"https:\/\/portoghese.uniroma3.it\/catedrasaramago\/wp-json\/wp\/v2\/media?parent=66"}],"curies":[{"name":"wp","href":"https:\/\/api.w.org\/{rel}","templated":true}]}}