{"id":11,"date":"2021-02-09T14:46:18","date_gmt":"2021-02-09T13:46:18","guid":{"rendered":"https:\/\/portoghese.uniroma3.it\/catedrasaramago\/?page_id=11"},"modified":"2025-03-05T10:45:01","modified_gmt":"2025-03-05T09:45:01","slug":"home","status":"publish","type":"page","link":"https:\/\/portoghese.uniroma3.it\/clplanciani\/","title":{"rendered":"Home"},"content":{"rendered":"<h1>Centro di Lingua Portoghese<br \/>\n\u201cGiulia Lanciani\u201d<\/h1>\n<h2>Instituto Cam\u00f5es-Roma Tre<\/h2>\n<p>Il Centro di Lingua Portoghese \u201cGiulia Lanciani\u201d Cam\u00f5es-Roma Tre nasce nell\u2019autunno del 2020 da un accordo di cooperazione tra l\u2019Istituto Cam\u00f5es\/Ministero degli Affari Esteri portoghese e il Dipartimento di Lingue, Letterature e Culture Straniere dell\u2019Universit\u00e0 degli Studi Roma Tre, adempiendo alla missione di promuovere la lingua portoghese e tutta la sua diversit\u00e0 culturale. Il programma delle attivit\u00e0 linguistico-culturali organizzate dal CLP \u201cGiulia Lanciani\u201d-IC Roma Tre include conferenze, eventi tematici, proiezioni di film sottotitolati dagli studenti di Roma Tre e altri eventi. La biblioteca offre volumi di lingua e linguistica portoghese e brasiliana, volumi di linguistica tradotti in italiano e soprattutto materiali per l\u2019insegnamento e l\u2019apprendimento, dizionari, materiali audio e video. Il CLP \u201cGiulia Lanciani\u201d-IC Roma Tre intende organizzare corsi di lingua portoghese con cadenza semestrale per il superamento degli esami di certificazione linguistica CAPLE legati al LAPE di Roma Tre, integrato nel Centro Linguistico di Ateneo, e corsi specializzati per il grande pubblico. In questo modo, intendiamo aumentare le competenze di tutti coloro che usano o intendono usare la lingua portoghese nella loro vita personale o professionale, integrando un vasto universo di oltre 230 milioni di parlanti.<\/p>\n<p>\t\t\t\t\t\t\t\t\t\t\t\t\t\t\t<img loading=\"lazy\" decoding=\"async\" width=\"719\" height=\"600\" src=\"https:\/\/portoghese.uniroma3.it\/clplanciani\/wp-content\/uploads\/sites\/4\/2023\/05\/CLP.jpg\" alt=\"\" \/><br \/>\n\t\t\t\t\t\t\t\t\t\t\t\t\t\t\t<img loading=\"lazy\" decoding=\"async\" width=\"408\" height=\"403\" src=\"https:\/\/portoghese.uniroma3.it\/clplanciani\/wp-content\/uploads\/sites\/4\/2025\/03\/Lanciani.jpg\" alt=\"\" \/>\t\t\t\t\t\t\t\t\t\t\t\t\t\t\t<\/p>\n<h3 style=\"font-family: Roboto, sans-serif;color: #555555\" data-elementor-setting-key=\"title\" data-pen-placeholder=\"Digite aqui...\">Giulia Lanciani<\/h3>\n<p>Il Centro di Lingua Portoghese \u00e8 dedicato a Giulia Lanciani, fondatrice degli studi di lingua portoghese e della lusitanistica nell\u2019ateneo di Roma Tre, per aver dato vita a un gruppo di studiosi attivi nella diffusione della lingua portoghese e delle letterature da lei veicolate in Italia e nel nostro ateneo.<\/p>\n<p>\u00a0<\/p>\n<p><strong>Giulia Lanciani si \u00e8 spenta nell\u2019autunno del 2018\u200b<\/strong><\/p>\n<p>Professore ordinario di Letterature Portoghese e Brasiliana presso l\u2019Universit\u00e0 \u201cRoma Tre\u201d, \u00e8 stata insignita del titolo di Dottore Honoris causa dall\u2019Universidade Nova (2003) e dall\u2019Universidade Cl\u00e1ssica di Lisbona (2011), socio dell\u2019Arcadia, corrispondente della \u201cSociedade de Geografia\u201d di Lisbona, membro della giuria del Premio Mondello, membro della giuria del Premio Nazionale di Traduzione e nel 2003, ha fondato la cattedra Cam\u00f5es \u201cJos\u00e9 Saramago\u201d, oggi diretta da Giorgio de Marchis.<\/p>\n<p>\t\t\t\t\t<a href=\"\/clplanciani\/attivita\/prossimi-eventi\"><br \/>\n\t\t\t\t\t\t\t\t\tPROSSIMI EVENTI DEL<br \/>CLP &#8220;GIULIA LANCIANI&#8221;<br \/>\n\t\t\t\t\t<\/a><\/p>\n","protected":false},"excerpt":{"rendered":"<p>Centro di Lingua Portoghese \u201cGiulia Lanciani\u201d Instituto Cam\u00f5es-Roma Tre Il Centro di Lingua Portoghese \u201cGiulia Lanciani\u201d Cam\u00f5es-Roma Tre nasce nell\u2019autunno del 2020 da un accordo di cooperazione tra l\u2019Istituto Cam\u00f5es\/Ministero degli Affari Esteri portoghese e il Dipartimento di Lingue, Letterature e Culture Straniere dell\u2019Universit\u00e0 degli Studi Roma Tre, adempiendo alla missione di promuovere la lingua&nbsp;&#8230;<\/p>\n","protected":false},"author":2,"featured_media":0,"parent":0,"menu_order":0,"comment_status":"closed","ping_status":"closed","template":"elementor_header_footer","meta":{"footnotes":""},"class_list":["post-11","page","type-page","status-publish","hentry"],"_links":{"self":[{"href":"https:\/\/portoghese.uniroma3.it\/clplanciani\/wp-json\/wp\/v2\/pages\/11","targetHints":{"allow":["GET"]}}],"collection":[{"href":"https:\/\/portoghese.uniroma3.it\/clplanciani\/wp-json\/wp\/v2\/pages"}],"about":[{"href":"https:\/\/portoghese.uniroma3.it\/clplanciani\/wp-json\/wp\/v2\/types\/page"}],"author":[{"embeddable":true,"href":"https:\/\/portoghese.uniroma3.it\/clplanciani\/wp-json\/wp\/v2\/users\/2"}],"replies":[{"embeddable":true,"href":"https:\/\/portoghese.uniroma3.it\/clplanciani\/wp-json\/wp\/v2\/comments?post=11"}],"version-history":[{"count":476,"href":"https:\/\/portoghese.uniroma3.it\/clplanciani\/wp-json\/wp\/v2\/pages\/11\/revisions"}],"predecessor-version":[{"id":2248,"href":"https:\/\/portoghese.uniroma3.it\/clplanciani\/wp-json\/wp\/v2\/pages\/11\/revisions\/2248"}],"wp:attachment":[{"href":"https:\/\/portoghese.uniroma3.it\/clplanciani\/wp-json\/wp\/v2\/media?parent=11"}],"curies":[{"name":"wp","href":"https:\/\/api.w.org\/{rel}","templated":true}]}}