{"id":2238,"date":"2025-03-05T10:38:16","date_gmt":"2025-03-05T09:38:16","guid":{"rendered":"https:\/\/portoghese.uniroma3.it\/clplanciani\/?page_id=2238"},"modified":"2025-04-23T15:00:47","modified_gmt":"2025-04-23T13:00:47","slug":"prossimi-eventi","status":"publish","type":"page","link":"https:\/\/portoghese.uniroma3.it\/clplanciani\/attivita\/prossimi-eventi\/","title":{"rendered":"Prossimi eventi"},"content":{"rendered":"<img loading=\"lazy\" decoding=\"async\" width=\"1024\" height=\"1024\" src=\"https:\/\/portoghese.uniroma3.it\/clplanciani\/wp-content\/uploads\/sites\/4\/2025\/04\/Post-Congresso5-maggio-2025-Last-1-1024x1024.png\" alt=\"\" \/>\t\t\t\t\t\t\t\t\t\t\t\t\t\t\t\n\t\t<p style=\"margin-bottom: 0px;font-size: 23.2px;line-height: normal;font-family: Helvetica;color: #141414\">DIA MUNDIAL<\/p>\n<p style=\"margin-bottom: 0px;font-size: 23.2px;line-height: normal;font-family: Helvetica;color: #141414\">DA L\u00cdNGUA PORTUGUESA<\/p>\n<p style=\"margin-bottom: 0px;font-size: 23.2px;line-height: normal;font-family: Helvetica;color: #141414\">IV CONGRESSO INTERNACIONAL<\/p>\n<p style=\"margin-bottom: 0px;font-size: 14.8px;line-height: normal;font-family: Helvetica;color: #141414\">5 DE MAIO DE 2025<\/p>\n<p style=\"margin-bottom: 0px;font-size: 14.8px;line-height: normal;font-family: Helvetica;color: #141414\">\u00a0<\/p>\n<h5>5 maggio 2025<\/h5>\n<h5>\u00a0Sala \u201cIgnazio Ambrogio\u201d<\/h5>\n<h5>10h-10h10<\/h5>\n<h5>Saluti istituzionali<\/h5>\n<h5>Simone Trecca, Direttore del Dipartimento di Lingue, Letterature e Culture Straniere<\/h5>\n<h5>10h10-10h35<\/h5>\n<h5>Conferenza di apertura<\/h5>\n<h5>Isabel M. Duarte (Universidade do Porto) <em>Algumas mudan\u00e7as na L\u00edngua Portuguesa depois do 25 de Abril: CPLP, interfer\u00eancias e formas de\u00a0<\/em><em>tratamento<\/em><br \/>modera Gian Luigi De Rosa (Universit\u00e0 Roma Tre)<\/h5>\n<h5>10h35-10h45 pausa<\/h5>\n<h5>10h45-13h<\/h5>\n<h5>Tavola rotonda:\u00a0<em>Anticolonialismo, antisalazarismo e solidariet\u00e0 democratica e rivoluzionaria in Italia<\/em><\/h5>\n<h5>Giulia Strippoli (Universidade Nova de Lisboa)<br \/>Luca Peretti (University of Richmond)<br \/>Giorgio de Marchis (Universit\u00e0 Roma Tre)\u00a0<br \/>discutono con Barbara Fraticelli (Universidad Complutense de Madrid) di tre libri recentemente pubblicati in Italia:<\/h5>\n<h5><em>Dal \u201cDossier sul Portogallo\u201d alla Rivoluzione dei garofani L\u2019antisalazarismo in Italia (1963-1974)<\/em> (Nova Delphi, 2024);\u00a0<br \/><em>Labanta! Ex colonie portoghesi e cinema italiano<\/em> (Effigi, 2024);\u00a0<br \/><em>Riti di passaggio. Cronache di una rivoluzione rimossa. Portogallo e immaginario politico 1974-1975<\/em> (Mimesis, 2024).<\/h5>\n<p style=\"margin-bottom: 0px;font-size: 14.8px;line-height: normal;font-family: Helvetica;color: #141414\">\u00a0<\/p>\n<h5>Partecipano al dibattito anche Noemi Alfieri (Universidade Nova de Lisboa), Antonio Fanelli (Sapienza Universit\u00e0 di Roma), Andrea Gelardi (University of St. Andrews), Andrea Mulas (Fondazione Lelio e Lisli Basso), Paola Scarnati (Archivio Audiovisivo del Movimento Operaio e Democratico) e Mariamargherita Scotti (Istituto Ernesto de Martino).<\/h5>\n<p style=\"margin-bottom: 0px;font-size: 14.8px;line-height: normal;font-family: Helvetica;color: #141414\">\u00a0<\/p>\n<p style=\"margin-bottom: 0px;font-size: 14.8px;line-height: normal;font-family: Helvetica;color: #141414\">\u00a0<\/p><h5>\u00a0<\/h5>\n<h5>15h-16h<br \/>Tavola rotonda: <em>Connettori testuali e Marcatori discorsivi <\/em><em>nella lingua portoghese<\/em><\/h5>\n<h5>Ivo da Costa Ros\u00e1rio (Universidade Federal\u00a0Fluminense)<br \/><em>Rede construcional de conectores n\u00e3o can\u00f4nicos\u00a0do portugu\u00eas: uma an\u00e1lise centrada no uso<\/em><\/h5>\n<h5>Isabel M. Duarte (Universidade do Porto)<br \/><em>Marcadores discursivos em PE: ponto da situa\u00e7\u00e3o sobre a investiga\u00e7\u00e3o<\/em><\/h5>\n<h5>Francesco Morleo (Universit\u00e0 di Napoli L\u2019Orientale) <em>Dispositivos lingu\u00edsticos para a intera\u00e7\u00e3o: italiano e portugu\u00eas em compara\u00e7\u00e3o<\/em><\/h5>\n<h5>modera Vanessa Ribeiro Castagna (Universit\u00e0 Ca\u2019 Foscari Venezia)<\/h5>\n<h5>16h-16h10 pausa<\/h5>\n<h5>16h10-17h30<\/h5>\n<h5>Tavola rotonda: <em>La lingua portoghese tra insegnamento e acquisizione<\/em><\/h5>\n<h5>Roberto Mulinacci (Universit\u00e0 di Bologna) <em>Lusofonie 2.0. Hist\u00f3ria de um projeto abortado e novas perspectivas da pesquisa futura<\/em><\/h5>\n<h5>Lennie Bertoque (Universidade Federal do Mato Grosso) <em>Uso do ChatGPT no Ensino de L\u00edngua Portuguesa<\/em><\/h5>\n<h5>Carla Barbosa Moreira (Cefet-MG) <em>Ensino de l\u00edngua portuguesa e a internacionaliza\u00e7\u00e3o de saberes por meio de m\u00eddias digitais<\/em><\/h5>\n<h5>Gian Luigi De Rosa (Universit\u00e0 Roma Tre) <em>Esquizoglossia, diglossia e neo-standard no ensino do PB<\/em><\/h5>\n<h5>modera Luigia De Crescenzo (Universit\u00e0 Roma Tre)<\/h5>\n<h5>17h30-18h30<\/h5>\n<h5>Presentazione del libro: <em>Grammatica del portoghese europeo<\/em> (Hoepli, 2025)<\/h5>\n<h5>Vanessa Ribeiro Castagna (Universit\u00e0 Ca\u2019 Foscari Venezia)<br \/>Filipa Martins Matos (Universit\u00e0 Roma Tre)<br \/>ne discutono con Mauro Cavaliere (Universit\u00e0 Roma Tre)<\/h5>\n<p>Em constru\u00e7\u00e3o.<\/p>\n\t\t\n\t\t\t\t\t\t\t\t\t\t\t\t\t\t\t<img loading=\"lazy\" decoding=\"async\" width=\"724\" height=\"1024\" src=\"https:\/\/portoghese.uniroma3.it\/clplanciani\/wp-content\/uploads\/sites\/4\/2025\/03\/CICLO-DI-SEMINARI-LINGUA-porotghese-LETTERATURA-PORTOGHESE-MARZO-2025-724x1024.jpg\" alt=\"\" \/>\t\t\t\t\t\t\t\t\t\t\t\t\t\t\t\n\t\t<p><b>Ciclo di Seminari&nbsp;<br>Marzo 2025<\/b><\/p>\n<p>Lingua e Linguistica Portoghese&nbsp;<br>Prof.ssa <strong>Ana Paula Banza<\/strong><br>Universidade de \u00c9vora<\/p>\n<p>Letteratura Portoghese<br>Prof.ssa <b>Cristina Santos<br><\/b>Universidade de \u00c9vora<\/p>","protected":false},"excerpt":{"rendered":"<p>DIA MUNDIAL DA L\u00cdNGUA PORTUGUESA IV CONGRESSO INTERNACIONAL 5 DE MAIO DE 2025 \u00a0 5 maggio 2025 \u00a0Sala \u201cIgnazio Ambrogio\u201d 10h-10h10 Saluti istituzionali Simone Trecca, Direttore del Dipartimento di Lingue, Letterature e Culture Straniere 10h10-10h35 Conferenza di apertura Isabel M. Duarte (Universidade do Porto) Algumas mudan\u00e7as na L\u00edngua Portuguesa depois do 25 de Abril: CPLP,&nbsp;&#8230;<\/p>\n","protected":false},"author":4,"featured_media":0,"parent":1491,"menu_order":0,"comment_status":"closed","ping_status":"closed","template":"","meta":{"footnotes":""},"class_list":["post-2238","page","type-page","status-publish","hentry"],"_links":{"self":[{"href":"https:\/\/portoghese.uniroma3.it\/clplanciani\/wp-json\/wp\/v2\/pages\/2238","targetHints":{"allow":["GET"]}}],"collection":[{"href":"https:\/\/portoghese.uniroma3.it\/clplanciani\/wp-json\/wp\/v2\/pages"}],"about":[{"href":"https:\/\/portoghese.uniroma3.it\/clplanciani\/wp-json\/wp\/v2\/types\/page"}],"author":[{"embeddable":true,"href":"https:\/\/portoghese.uniroma3.it\/clplanciani\/wp-json\/wp\/v2\/users\/4"}],"replies":[{"embeddable":true,"href":"https:\/\/portoghese.uniroma3.it\/clplanciani\/wp-json\/wp\/v2\/comments?post=2238"}],"version-history":[{"count":17,"href":"https:\/\/portoghese.uniroma3.it\/clplanciani\/wp-json\/wp\/v2\/pages\/2238\/revisions"}],"predecessor-version":[{"id":2310,"href":"https:\/\/portoghese.uniroma3.it\/clplanciani\/wp-json\/wp\/v2\/pages\/2238\/revisions\/2310"}],"up":[{"embeddable":true,"href":"https:\/\/portoghese.uniroma3.it\/clplanciani\/wp-json\/wp\/v2\/pages\/1491"}],"wp:attachment":[{"href":"https:\/\/portoghese.uniroma3.it\/clplanciani\/wp-json\/wp\/v2\/media?parent=2238"}],"curies":[{"name":"wp","href":"https:\/\/api.w.org\/{rel}","templated":true}]}}

<img loading="lazy" decoding="async" width="1024" height="1024" src="https://portoghese.uniroma3.it/clplanciani/wp-content/uploads/sites/4/2025/04/Post-Congresso5-maggio-2025-Last-1-1024x1024.png" alt="" />															
		<p style="margin-bottom: 0px;font-size: 23.2px;line-height: normal;font-family: Helvetica;color: #141414">DIA MUNDIAL</p>
<p style="margin-bottom: 0px;font-size: 23.2px;line-height: normal;font-family: Helvetica;color: #141414">DA LÍNGUA PORTUGUESA</p>
<p style="margin-bottom: 0px;font-size: 23.2px;line-height: normal;font-family: Helvetica;color: #141414">IV CONGRESSO INTERNACIONAL</p>
<p style="margin-bottom: 0px;font-size: 14.8px;line-height: normal;font-family: Helvetica;color: #141414">5 DE MAIO DE 2025</p>
<p style="margin-bottom: 0px;font-size: 14.8px;line-height: normal;font-family: Helvetica;color: #141414"> </p>
<h5>5 maggio 2025</h5>
<h5> Sala “Ignazio Ambrogio”</h5>
<h5>10h-10h10</h5>
<h5>Saluti istituzionali</h5>
<h5>Simone Trecca, Direttore del Dipartimento di Lingue, Letterature e Culture Straniere</h5>
<h5>10h10-10h35</h5>
<h5>Conferenza di apertura</h5>
<h5>Isabel M. Duarte (Universidade do Porto) <em>Algumas mudanças na Língua Portuguesa depois do 25 de Abril: CPLP, interferências e formas de </em><em>tratamento</em><br />modera Gian Luigi De Rosa (Università Roma Tre)</h5>
<h5>10h35-10h45 pausa</h5>
<h5>10h45-13h</h5>
<h5>Tavola rotonda: <em>Anticolonialismo, antisalazarismo e solidarietà democratica e rivoluzionaria in Italia</em></h5>
<h5>Giulia Strippoli (Universidade Nova de Lisboa)<br />Luca Peretti (University of Richmond)<br />Giorgio de Marchis (Università Roma Tre) <br />discutono con Barbara Fraticelli (Universidad Complutense de Madrid) di tre libri recentemente pubblicati in Italia:</h5>
<h5><em>Dal “Dossier sul Portogallo” alla Rivoluzione dei garofani L’antisalazarismo in Italia (1963-1974)</em> (Nova Delphi, 2024); <br /><em>Labanta! Ex colonie portoghesi e cinema italiano</em> (Effigi, 2024); <br /><em>Riti di passaggio. Cronache di una rivoluzione rimossa. Portogallo e immaginario politico 1974-1975</em> (Mimesis, 2024).</h5>
<p style="margin-bottom: 0px;font-size: 14.8px;line-height: normal;font-family: Helvetica;color: #141414"> </p>
<h5>Partecipano al dibattito anche Noemi Alfieri (Universidade Nova de Lisboa), Antonio Fanelli (Sapienza Università di Roma), Andrea Gelardi (University of St. Andrews), Andrea Mulas (Fondazione Lelio e Lisli Basso), Paola Scarnati (Archivio Audiovisivo del Movimento Operaio e Democratico) e Mariamargherita Scotti (Istituto Ernesto de Martino).</h5>
<p style="margin-bottom: 0px;font-size: 14.8px;line-height: normal;font-family: Helvetica;color: #141414"> </p>
<p style="margin-bottom: 0px;font-size: 14.8px;line-height: normal;font-family: Helvetica;color: #141414"> </p><h5> </h5>
<h5>15h-16h<br />Tavola rotonda: <em>Connettori testuali e Marcatori discorsivi </em><em>nella lingua portoghese</em></h5>
<h5>Ivo da Costa Rosário (Universidade Federal Fluminense)<br /><em>Rede construcional de conectores não canônicos do português: uma análise centrada no uso</em></h5>
<h5>Isabel M. Duarte (Universidade do Porto)<br /><em>Marcadores discursivos em PE: ponto da situação sobre a investigação</em></h5>
<h5>Francesco Morleo (Università di Napoli L’Orientale) <em>Dispositivos linguísticos para a interação: italiano e português em comparação</em></h5>
<h5>modera Vanessa Ribeiro Castagna (Università Ca’ Foscari Venezia)</h5>
<h5>16h-16h10 pausa</h5>
<h5>16h10-17h30</h5>
<h5>Tavola rotonda: <em>La lingua portoghese tra insegnamento e acquisizione</em></h5>
<h5>Roberto Mulinacci (Università di Bologna) <em>Lusofonie 2.0. História de um projeto abortado e novas perspectivas da pesquisa futura</em></h5>
<h5>Lennie Bertoque (Universidade Federal do Mato Grosso) <em>Uso do ChatGPT no Ensino de Língua Portuguesa</em></h5>
<h5>Carla Barbosa Moreira (Cefet-MG) <em>Ensino de língua portuguesa e a internacionalização de saberes por meio de mídias digitais</em></h5>
<h5>Gian Luigi De Rosa (Università Roma Tre) <em>Esquizoglossia, diglossia e neo-standard no ensino do PB</em></h5>
<h5>modera Luigia De Crescenzo (Università Roma Tre)</h5>
<h5>17h30-18h30</h5>
<h5>Presentazione del libro: <em>Grammatica del portoghese europeo</em> (Hoepli, 2025)</h5>
<h5>Vanessa Ribeiro Castagna (Università Ca’ Foscari Venezia)<br />Filipa Martins Matos (Università Roma Tre)<br />ne discutono con Mauro Cavaliere (Università Roma Tre)</h5>
<p>Em construção.</p>
		
															<img loading="lazy" decoding="async" width="724" height="1024" src="https://portoghese.uniroma3.it/clplanciani/wp-content/uploads/sites/4/2025/03/CICLO-DI-SEMINARI-LINGUA-porotghese-LETTERATURA-PORTOGHESE-MARZO-2025-724x1024.jpg" alt="" />															
		<p><b>Ciclo di Seminari&nbsp;<br>Marzo 2025</b></p>
<p>Lingua e Linguistica Portoghese&nbsp;<br>Prof.ssa <strong>Ana Paula Banza</strong><br>Universidade de Évora</p>
<p>Letteratura Portoghese<br>Prof.ssa <b>Cristina Santos<br></b>Universidade de Évora</p>

<p>DIA MUNDIAL DA LÍNGUA PORTUGUESA IV CONGRESSO INTERNACIONAL 5 DE MAIO DE 2025   5 maggio 2025  Sala “Ignazio Ambrogio” 10h-10h10 Saluti istituzionali Simone Trecca, Direttore del Dipartimento di Lingue, Letterature e Culture Straniere 10h10-10h35 Conferenza di apertura Isabel M. Duarte (Universidade do Porto) Algumas mudanças na Língua Portuguesa depois do 25 de Abril: CPLP,&nbsp;&#8230;</p>
